 + -2).
-9
What is -14 + (20 - 15 - (2 + 8))?
-19
What is the value of -208 + 193 + (10 - 2) - -33?
26
What is the value of 48 - (1 + 38 + -18)?
27
Calculate (-1 - (-4 - -4)) + -15 + 4 + 1.
-11
What is (-13 - (-19 + 24)) + 0 + 0?
-18
Evaluate 9 + (-1 - -5) + (5 - 20).
-2
Evaluate (21 - 22) + -1 + -4 + 6 - -1.
1
Calculate -8 - (12 + (-7 - (-2 + 8))).
-7
(-33 - -44) + (-13 - -32)
30
4 - 8 - 15 - -8
-11
Evaluate 7 + (-1 - (0 + 1)).
5
What is the value of (-1 - 25 - -8) + (5 - 2)?
-15
What is the value of -24 - (-2 + (-1 - (1 + 2 + -8)))?
-26
Calculate 24 - ((15 - 24) + 46).
-13
(-15 - (14 + -39)) + -1 + 10
19
Evaluate -17 + (-1 - 4 - (-9 + -9 + 14)).
-18
What is -1 - (-17 + 14 + 8)?
-6
What is -32 + 36 + (10 - 3)?
11
What is 0 + (-10 - -17) + -56 + 9?
-40
Evaluate 25 - (-3 - -1 - -32).
-5
Calculate (-3 - (8 + -10)) + -3.
-4
110 + -39 - 30 - 12
29
Evaluate -4 + -3 - (16 + -15 + -6).
-2
-11 + 15 - (13 + -11 + 11)
-9
What is the value of -263 - -270 - (3 + -2)?
6
Evaluate -2 - -17 - (-9 + (-3 - 3 - -20)).
10
Evaluate (9 - (0 + 5)) + 9 + 13 + -14.
12
10 + -20 + ((4 - 3) + 1 - 8)
-16
What is -10 + 4 + (-9 - (2 + -6)) + 7?
-4
Calculate -2 + 153 + -145 + -7 + 2 + -1.
0
Evaluate 4 + 5 + (-3 - -5) + -3 + -1.
7
What is the value of -13 + -3 - (-11 - -3) - (3 + -2)?
-9
What is the value of 4 + (-18 - 2) + -2?
-18
What is 4 + -1 - (218 + -203)?
-12
(-36 - -21) + (12 - -3)
0
(-15 - -5) + (21 - 7) + -5
-1
Evaluate (2 - -14 - 48) + 16.
-16
37 + -26 + -2 + 2 - 1
10
What is -21 - -66 - 39 - 33?
-27
What is -6 + (-15 - -39) - 19?
-1
(16 - (-19 - -28) - 8) + 13 + 1
13
What is the value of -1 + -12 + (-168 - -168) - -23?
10
Calculate 10 + -5 - (6 + -12 - -13).
-2
What is (-1 - -2) + 4 - (-619 + 636)?
-12
Evaluate -2 - 0 - 5 - (-30 - (1 - 31)).
-7
Calculate 6 - (-32 + -6 + 58).
-14
Evaluate -5 + 0 - (114 + -104).
-15
Evaluate 19 + -67 + 53 + (-1 - 1).
3
Evaluate 3 - (-7 + (-3 - (3 - 8)) - -2).
6
What is 2 + -1 + -15 - -1?
-13
What is 0 + (-4 - -5) + 2 + (9 - 4)?
8
1 + 12 + (60 - 128 - -39)
-16
Calculate 9 + (-7 - -15) + -10 - 20.
-13
What is -12 + -7 - (-39 - -16)?
4
What is 20 - (4 - 10 - (12 + -3 - 17))?
18
-3 + 12 + -21 + 45
33
Calculate (7 - (3 + 4 + 2)) + 7.
5
Evaluate (1 - 2) + 2 - (28 - 26).
-1
What is the value of 25 - (-37 + 22 - -25)?
15
Evaluate -11 - (52 - (50 + -15)).
-28
31 + (0 - 11) + 119 + -112
27
What is the value of (-4 - -2) + 4 + (2 - (11 + -8))?
1
What is the value of (1 - -6) + 139 + -143?
3
Calculate 4 - -4 - 3 - (-8 + (8 - -9)).
-4
6 + -3 + 1 + (-27 - -20)
-3
Evaluate 10 + (-14 + -5 - -5).
-4
Calculate 3 - (0 + 12 + (-86 - -53)).
24
What is -53 + 65 + -3 + -12?
-3
Calculate -5 + -9 + 4 + 7 + 1 + 14.
12
What is the value of -6 + 10 + -4 + 1 + (1 - -5)?
7
What is 6 + 5 + -5 + -8 + -4?
-6
What is 2 + -14 - (1 + (3 - (2 + 3)))?
-11
What is 1 + 3 + -2 + -87 + 54?
-31
Calculate 4 + -12 + 2 + 6.
0
Calculate -18 + 1 - (-10 - 1).
-6
Evaluate -18 + 7 + -21 + 13.
-19
What is -1 - 5 - -15 - -12?
21
What is the value of -5 + 8 - (-7 - -1 - -37 - 3)?
-25
Calculate -655 - -692 - (16 + 1).
20
Calculate 75 + (-29 - 43 - -29).
32
4 + -1 - (18 - (-32 - -52))
5
Evaluate 11 + -31 - -11 - (-8 + 2).
-3
44 + (29 - 117) + 61
17
What is the value of 21 + 5 + -34 + (-1 - -2)?
-7
What is -6 - (4 - (12 - 14)) - -46?
34
2 + 11 + -20 + -1 + 1 + 3
-4
What is the value of (44 - 63) + 22 + -11?
-8
8 - 19 - -13 - (2 - (-7 + -1))
-8
Calculate (-1 - (4 + -6 + 8 + 2)) + 24.
15
(10 - (2 - 1)) + -304 + 303
8
What is the value of (-16 - -4 - -5) + (31 - 3)?
21
Evaluate 1 + -35 + 233 + -195.
4
Evaluate -3 + -1 - (-13 - (15 + -22)).
2
Evaluate -13 - (-2 - (1 + 17)).
7
What is the value of (1 - -7) + (68 - 77) - (-25 - 0)?
24
Evaluate (7 - (11 + -6)) + (-27 - (-4 - 3)).
-18
What is -8 - (13 + (-11 - 2))?
-8
Evaluate 4 - (9 - 4 - (-25 + 3 - -5)).
-18
Evaluate 0 - (8 + 5 - 2).
-11
What is -2 - (-57 + 60 - (0 - 4 - -1))?
-8
6 + 0 + 17 + -5
18
Evaluate (130 - 118) + (1 - 0).
13
Evaluate 6 + 45 + -7 + -26.
18
What is the value of 1 + -10 + (11 - 7)?
-5
3 - (-8 - (-16 + 14))
9
Calculate -5 - (3 + -21 + (10 - 16)).
19
Calculate -6 - -21 - (9 - 11).
17
Calculate (-2 - -15) + 65 + 8 + -62.
24
8 + 3 + 0 + -3 + (-20 - -11)
-1
Evaluate -17 + (-13 - -31) + 4 + -9.
-4
What is the value of 0 + -1 - (-281 + 280)?
0
What is the value of -8 + 6 + -3 - (-8 - -1)?
2
Evaluate 9 + -11 + 7 + -19 - -15.
1
12 - ((-12 - -15) + 3) - -16
22
Calculate 4 + -24 + 70 - 21.
29
What is the value of -1 + 0 + (11 - 11) + -4 + -2?
-7
2 - (-2 + 4 + -2 - -5)
-3
Evaluate 7 + 1 - (-133 - -147).
-6
What is -5 + -14 + (-2 - -12) + 7?
-2
Evaluate 8 - (1 - -2 - -1).
4
Calculate 44 - (14 - -51) - -36.
15
What is the value of (-10 - (-21 + 6)) + -16?
-11
Evaluate -3 + 1 + (140 - 138) + -6.
-6
Calculate 0 + -12 - (33 + 18 + -58) - -5.
0
Calculate (2 - 10 - 6) + 9.
-5
What is the value of -8 + 1 + (8 + -10 - 7) + 3?
-13
(-5 - (-15 - -4)) + -1 + (5 - -3)
13
Calculate -5 - (-4 - (4 + 13)).
16
Calculate 37 + 1 - (-71 - -118).
-9
What is 30 - ((30 - 33) + 17)?
16
3 + (-3 - (3 + (3 - 1))) - -19
14
What is (-1 + 0 + -8 - (1406 + -1432)) + 2?
19
What is the value of 15 + (17 - -8) + -51?
-11
-14 + 2 + (-2 - (-1 + 4)) - -1
-16
-1 - 1 - 1 - (52 + (-11 - 61))
17
Calculate 0 + -17 + 29 + -26.
-14
Evaluate 2 - 1 - ((-11 - (18 + -34)) + -21).
17
What is the value of (-8 - -11) + 0 + (-9 - 0) - -4?
-2
What is (-41 - -24) + (10 - -1)?
-6
What is the value of -4 - (18 - 2 - 18)?
-2
Evaluate (17 - (20 - 3)) + 0 + -4 + 4.
0
What is -2 - (6 - 9) - (3 + -4 + -8)?
10
What is the value of 5 + -4 - (-1 + 9 - (61 + -24))?
30
What is the value of (-11 - (-5 - 2)) + -13 - -1?
-16
Evaluate -1 - (-1 - -8) - (285 + -284).
-9
What is the value of -1 + 0 - (-2 - (-3 - -11)) - 0?
9
-147 - -154 - (0 - -18)
-11
Evaluate 13 + -7 + (13 - (4 + 8)).
7
What is the value of 13 - (-10 + (-9 - -19) - -10)?
3
-9 - (-20 + (-12 - -4 - -2))
17
Calculate (0 - 9) + (-194 - -200).
-3
Calculate (1 - -16) + 0 + (9 - 17) + 2.
11
Calculate -4 - (-17 + 4) - (22 + -7).
-6
What is 13 + -9 + (8 - 4) + 1 + 4?
13
What is (-11 + 3 - -47) + -38?
1
19 + -3 + (-10 - 5 - -8)
9
Evaluate 0 + -9 + -1 + -4 + 7.
-7
Calculate -9 - (-4 - (-3 + 2 + 1 + -5)).
-10
What is the value of (-13 - -5 - -6) + -2 + -6?
-10
Evaluate 113 + -102 + 1 + -8 + 4.
8
Evaluate -2 + (-6 - -14) + -15 + 2.
-7
What is the value of -380 + 395 + (1 - -3)?
19
What is -1 + 5 - (224 + -211 - (5 + 0))?
-4
Evaluate 16 + -1 - (69 - 54).
0
11 + 21 + -21 - 20
-9
16 + 2 + -7 + -2 + (-3 - -2)
8
Evaluate 49 + (-36 - (-19 - -10)).
22
What is the value of 10 + -6 + 0 - -2?
6
Evaluate 250 - 249 - (-3 - (-2 + 0) - -6).
-4
(158 - 147) + (1 - 13 - 1)
-2
What is the value of 8 - 5 - ((26 - 17) + 5)?
-11
974 + -1000 + (35 - -1)
10
What is the value of -1 + (-7 - -15) + -32 + 11?
-14
What is 15 - (8 + -8) - (16 - 1)?
0
Calculate (4 + -2 - 31) + -146 + 161.
-14
Calculate -23 + 26 - (-4 + 7).
0
Evaluate 2 + (-2 - 8 - -7).
-1
Evaluate -12 - (1 - 1) - (45 + 36 - 125).
32
Calculate (29 - 1 - (-98 + 108)) + -7 + 7.
18
What is -4 + (-28 - (16 + -30)) - -5?
-13
What is -13 - 0 - (65 + -66) - 3?
-15
Calculate 6 - 4 - (7 + -2 + -12).
9
Evaluate (0 - -2) + 3 + -9 + (10 - 3).
3
What is 18 + -18 - 9 - -9?
0
Calculate -2 - 15 - (169 + -177).
-9
What is the value of -37 - 1 - (31 - 77 - -34)?
-26
What is the value of 34 + -17 + -52 + 0 + 0?
-35
12 - (14 - (31 - 35))
-6
What is (-13 - -3) + (0 - -8 - 2)?
-4
Evaluate 1 - 19 - (-24 + -3 - -24).
-15
-206 + 190 - (0 + -23)
7
What is (-4 - -1 - -4 - -11) + -1 - 1?
10
What is 1 - (1 + 8 + -4) - 3?
-7
Evaluate 5 + 3 - (-145 - -136).
17
What is the value of 6 + (0 - -7) + -9 + 4?
8
What is -7 - ((0 + 4 - 0) + 5)?
-16
39 + 3 + 14 + -37
19
(-17 - (1 + -5)) + 4 + 5 + -6
-10
What is the value of 35 + (-86 + 79 - (2 - (2 - 2)))?
26
What is the value of (-33 + 12 - (-3 - 8)) + 17?
7
Evaluate (21 - (-38 + 66)) + (-1 - (-12 - -3)).
1
Calculate (38 - 63) + -7 + 43.
11
What is the value of 1 + (1 + -14 - (4 - 6))?
-10
What is the value of 5 - -3 - ((120 - 124) + (22 - -1))?
-11
28 + (-9 + -5 + 2 - -4)
20
What is 14 + 6 + 1 + (19 - (20 + 2))?
18
Evaluate 33 + -47 + 5 + 3.
-6
What is the value of -2 + -43 + 9 + 1 - (-5 + -1)?
-29
Calculate (21 - 10) + 28 + -2 + (-3 - 2).
32
-9 + -3 + (6 - 1 - 5)
-12
Calculate (-16 - (-19 - -9)) +